{"id":464,"date":"2025-02-25T11:04:28","date_gmt":"2025-02-25T10:04:28","guid":{"rendered":"https:\/\/wallbach-baden.de\/v2\/?page_id=464"},"modified":"2025-12-03T15:36:26","modified_gmt":"2025-12-03T14:36:26","slug":"foerderverein-floesser-grundschule","status":"publish","type":"page","link":"https:\/\/wallbach-baden.de\/v2\/vereine\/foerderverein-floesser-grundschule\/","title":{"rendered":"F\u00f6rderverein Fl\u00f6\u00dfer-Grundschule"},"content":{"rendered":"\n<figure class=\"wp-block-gallery has-nested-images columns-default is-cropped wp-block-gallery-1 is-layout-flex wp-block-gallery-is-layout-flex\">\n<figure class=\"wp-block-image size-large is-style-rounded\"><img loading=\"lazy\" decoding=\"async\" width=\"1024\" height=\"758\" data-id=\"475\" src=\"https:\/\/wallbach-baden.de\/v2\/wp-content\/uploads\/2025\/02\/Grundschule_01-1024x758.jpg\" alt=\"Grundschulausflug\" class=\"wp-image-475\" srcset=\"https:\/\/wallbach-baden.de\/v2\/wp-content\/uploads\/2025\/02\/Grundschule_01-1024x758.jpg 1024w, https:\/\/wallbach-baden.de\/v2\/wp-content\/uploads\/2025\/02\/Grundschule_01-300x222.jpg 300w, https:\/\/wallbach-baden.de\/v2\/wp-content\/uploads\/2025\/02\/Grundschule_01-150x111.jpg 150w, https:\/\/wallbach-baden.de\/v2\/wp-content\/uploads\/2025\/02\/Grundschule_01-768x568.jpg 768w, https:\/\/wallbach-baden.de\/v2\/wp-content\/uploads\/2025\/02\/Grundschule_01-1536x1136.jpg 1536w, https:\/\/wallbach-baden.de\/v2\/wp-content\/uploads\/2025\/02\/Grundschule_01-2048x1515.jpg 2048w\" sizes=\"auto, (max-width: 1024px) 100vw, 1024px\" \/><\/figure>\n\n\n\n<figure class=\"wp-block-image size-large is-style-rounded\"><img loading=\"lazy\" decoding=\"async\" width=\"1024\" height=\"768\" data-id=\"476\" src=\"https:\/\/wallbach-baden.de\/v2\/wp-content\/uploads\/2025\/02\/Grundschule_02-1024x768.jpg\" alt=\"Grundschule \/ Rathaus\" class=\"wp-image-476\" srcset=\"https:\/\/wallbach-baden.de\/v2\/wp-content\/uploads\/2025\/02\/Grundschule_02-1024x768.jpg 1024w, https:\/\/wallbach-baden.de\/v2\/wp-content\/uploads\/2025\/02\/Grundschule_02-300x225.jpg 300w, https:\/\/wallbach-baden.de\/v2\/wp-content\/uploads\/2025\/02\/Grundschule_02-150x113.jpg 150w, https:\/\/wallbach-baden.de\/v2\/wp-content\/uploads\/2025\/02\/Grundschule_02-768x576.jpg 768w, https:\/\/wallbach-baden.de\/v2\/wp-content\/uploads\/2025\/02\/Grundschule_02-1536x1152.jpg 1536w, https:\/\/wallbach-baden.de\/v2\/wp-content\/uploads\/2025\/02\/Grundschule_02-2048x1536.jpg 2048w\" sizes=\"auto, (max-width: 1024px) 100vw, 1024px\" \/><\/figure>\n\n\n\n<figure class=\"wp-block-image size-large is-style-rounded\"><img loading=\"lazy\" decoding=\"async\" width=\"1024\" height=\"768\" data-id=\"477\" src=\"https:\/\/wallbach-baden.de\/v2\/wp-content\/uploads\/2025\/02\/Grundschule_03-1024x768.jpg\" alt=\"Grundschule Lesezimmer\" class=\"wp-image-477\" srcset=\"https:\/\/wallbach-baden.de\/v2\/wp-content\/uploads\/2025\/02\/Grundschule_03-1024x768.jpg 1024w, https:\/\/wallbach-baden.de\/v2\/wp-content\/uploads\/2025\/02\/Grundschule_03-300x225.jpg 300w, https:\/\/wallbach-baden.de\/v2\/wp-content\/uploads\/2025\/02\/Grundschule_03-150x113.jpg 150w, https:\/\/wallbach-baden.de\/v2\/wp-content\/uploads\/2025\/02\/Grundschule_03-768x576.jpg 768w, https:\/\/wallbach-baden.de\/v2\/wp-content\/uploads\/2025\/02\/Grundschule_03-1536x1152.jpg 1536w, https:\/\/wallbach-baden.de\/v2\/wp-content\/uploads\/2025\/02\/Grundschule_03-2048x1536.jpg 2048w\" sizes=\"auto, (max-width: 1024px) 100vw, 1024px\" \/><\/figure>\n\n\n\n<figure class=\"wp-block-image size-large is-style-rounded\"><img loading=\"lazy\" decoding=\"async\" width=\"1024\" height=\"768\" data-id=\"478\" src=\"https:\/\/wallbach-baden.de\/v2\/wp-content\/uploads\/2025\/02\/Grundschule_04-1024x768.jpg\" alt=\"Grundschule Klassenzimmer\" class=\"wp-image-478\" srcset=\"https:\/\/wallbach-baden.de\/v2\/wp-content\/uploads\/2025\/02\/Grundschule_04-1024x768.jpg 1024w, https:\/\/wallbach-baden.de\/v2\/wp-content\/uploads\/2025\/02\/Grundschule_04-300x225.jpg 300w, https:\/\/wallbach-baden.de\/v2\/wp-content\/uploads\/2025\/02\/Grundschule_04-150x113.jpg 150w, https:\/\/wallbach-baden.de\/v2\/wp-content\/uploads\/2025\/02\/Grundschule_04-768x576.jpg 768w, https:\/\/wallbach-baden.de\/v2\/wp-content\/uploads\/2025\/02\/Grundschule_04-1536x1152.jpg 1536w, https:\/\/wallbach-baden.de\/v2\/wp-content\/uploads\/2025\/02\/Grundschule_04-2048x1536.jpg 2048w\" sizes=\"auto, (max-width: 1024px) 100vw, 1024px\" \/><\/figure>\n\n\n\n<figure class=\"wp-block-image size-large is-style-rounded\"><img loading=\"lazy\" decoding=\"async\" width=\"1024\" height=\"1365\" data-id=\"480\" src=\"https:\/\/wallbach-baden.de\/v2\/wp-content\/uploads\/2025\/02\/Grundschule_06-1024x1365.jpg\" alt=\"Grundschulausflug\" class=\"wp-image-480\" srcset=\"https:\/\/wallbach-baden.de\/v2\/wp-content\/uploads\/2025\/02\/Grundschule_06-1024x1365.jpg 1024w, https:\/\/wallbach-baden.de\/v2\/wp-content\/uploads\/2025\/02\/Grundschule_06-300x400.jpg 300w, https:\/\/wallbach-baden.de\/v2\/wp-content\/uploads\/2025\/02\/Grundschule_06-150x200.jpg 150w, https:\/\/wallbach-baden.de\/v2\/wp-content\/uploads\/2025\/02\/Grundschule_06-768x1024.jpg 768w, https:\/\/wallbach-baden.de\/v2\/wp-content\/uploads\/2025\/02\/Grundschule_06-1152x1536.jpg 1152w, https:\/\/wallbach-baden.de\/v2\/wp-content\/uploads\/2025\/02\/Grundschule_06.jpg 1200w\" sizes=\"auto, (max-width: 1024px) 100vw, 1024px\" \/><\/figure>\n\n\n\n<figure class=\"wp-block-image size-large is-style-rounded\"><img loading=\"lazy\" decoding=\"async\" width=\"480\" height=\"640\" data-id=\"479\" src=\"https:\/\/wallbach-baden.de\/v2\/wp-content\/uploads\/2025\/02\/Grundschule_05.jpg\" alt=\"Grundschulausflug\" class=\"wp-image-479\" srcset=\"https:\/\/wallbach-baden.de\/v2\/wp-content\/uploads\/2025\/02\/Grundschule_05.jpg 480w, https:\/\/wallbach-baden.de\/v2\/wp-content\/uploads\/2025\/02\/Grundschule_05-300x400.jpg 300w, https:\/\/wallbach-baden.de\/v2\/wp-content\/uploads\/2025\/02\/Grundschule_05-150x200.jpg 150w\" sizes=\"auto, (max-width: 480px) 100vw, 480px\" \/><\/figure>\n<\/figure>\n\n\n\n<p class=\"has-text-align-center has-medium-font-size\"><strong>&gt;&gt;&gt;<\/strong> <a href=\"https:\/\/wallbach-baden.de\/v2\/wp-content\/uploads\/2025\/02\/Flyer-Foerderverein-Grundschule.pdf\" data-type=\"attachment\" data-id=\"500\"><strong>Download<\/strong><\/a> <strong>&lt;&lt;&lt;<\/strong>  &#8211;  Flyer F\u00f6rderverein Fl\u00f6\u00dfer-Grundschule Wallbach<\/p>\n\n\n<a href=\"https:\/\/wallbach-baden.de\/v2\/wp-content\/uploads\/2025\/02\/Foerderverein_Grundschule_01.pdf\" class=\"pdfemb-viewer\" style=\"\" data-width=\"max\" data-height=\"max\" data-toolbar=\"bottom\" data-toolbar-fixed=\"off\">Foerderverein_Grundschule_01<\/a>\n\n<a href=\"https:\/\/wallbach-baden.de\/v2\/wp-content\/uploads\/2025\/02\/Foerderverein_Grundschule_02.pdf\" class=\"pdfemb-viewer\" style=\"\" data-width=\"max\" data-height=\"max\" data-toolbar=\"bottom\" data-toolbar-fixed=\"off\">Foerderverein_Grundschule_02<\/a>","protected":false},"excerpt":{"rendered":"<p>&gt;&gt;&gt; Download &lt;&lt;&lt; &#8211; Flyer F\u00f6rderverein Fl\u00f6\u00dfer-Grundschule Wallbach<\/p>\n","protected":false},"author":1,"featured_media":0,"parent":52,"menu_order":0,"comment_status":"closed","ping_status":"closed","template":"","meta":{"footnotes":""},"class_list":["post-464","page","type-page","status-publish","hentry"],"_links":{"self":[{"href":"https:\/\/wallbach-baden.de\/v2\/wp-json\/wp\/v2\/pages\/464","targetHints":{"allow":["GET"]}}],"collection":[{"href":"https:\/\/wallbach-baden.de\/v2\/wp-json\/wp\/v2\/pages"}],"about":[{"href":"https:\/\/wallbach-baden.de\/v2\/wp-json\/wp\/v2\/types\/page"}],"author":[{"embeddable":true,"href":"https:\/\/wallbach-baden.de\/v2\/wp-json\/wp\/v2\/users\/1"}],"replies":[{"embeddable":true,"href":"https:\/\/wallbach-baden.de\/v2\/wp-json\/wp\/v2\/comments?post=464"}],"version-history":[{"count":11,"href":"https:\/\/wallbach-baden.de\/v2\/wp-json\/wp\/v2\/pages\/464\/revisions"}],"predecessor-version":[{"id":669,"href":"https:\/\/wallbach-baden.de\/v2\/wp-json\/wp\/v2\/pages\/464\/revisions\/669"}],"up":[{"embeddable":true,"href":"https:\/\/wallbach-baden.de\/v2\/wp-json\/wp\/v2\/pages\/52"}],"wp:attachment":[{"href":"https:\/\/wallbach-baden.de\/v2\/wp-json\/wp\/v2\/media?parent=464"}],"curies":[{"name":"wp","href":"https:\/\/api.w.org\/{rel}","templated":true}]}}

Förderverein Flößer-Grundschule

<figure class="wp-block-gallery has-nested-images columns-default is-cropped wp-block-gallery-1 is-layout-flex wp-block-gallery-is-layout-flex">
<figure class="wp-block-image size-large is-style-rounded"><img loading="lazy" decoding="async" width="1024" height="758" data-id="475" src="https://wallbach-baden.de/v2/wp-content/uploads/2025/02/Grundschule_01-1024x758.jpg" alt="Grundschulausflug" class="wp-image-475" srcset="https://wallbach-baden.de/v2/wp-content/uploads/2025/02/Grundschule_01-1024x758.jpg 1024w, https://wallbach-baden.de/v2/wp-content/uploads/2025/02/Grundschule_01-300x222.jpg 300w, https://wallbach-baden.de/v2/wp-content/uploads/2025/02/Grundschule_01-150x111.jpg 150w, https://wallbach-baden.de/v2/wp-content/uploads/2025/02/Grundschule_01-768x568.jpg 768w, https://wallbach-baden.de/v2/wp-content/uploads/2025/02/Grundschule_01-1536x1136.jpg 1536w, https://wallbach-baden.de/v2/wp-content/uploads/2025/02/Grundschule_01-2048x1515.jpg 2048w" sizes="auto, (max-width: 1024px) 100vw, 1024px" /></figure>



<figure class="wp-block-image size-large is-style-rounded"><img loading="lazy" decoding="async" width="1024" height="768" data-id="476" src="https://wallbach-baden.de/v2/wp-content/uploads/2025/02/Grundschule_02-1024x768.jpg" alt="Grundschule / Rathaus" class="wp-image-476" srcset="https://wallbach-baden.de/v2/wp-content/uploads/2025/02/Grundschule_02-1024x768.jpg 1024w, https://wallbach-baden.de/v2/wp-content/uploads/2025/02/Grundschule_02-300x225.jpg 300w, https://wallbach-baden.de/v2/wp-content/uploads/2025/02/Grundschule_02-150x113.jpg 150w, https://wallbach-baden.de/v2/wp-content/uploads/2025/02/Grundschule_02-768x576.jpg 768w, https://wallbach-baden.de/v2/wp-content/uploads/2025/02/Grundschule_02-1536x1152.jpg 1536w, https://wallbach-baden.de/v2/wp-content/uploads/2025/02/Grundschule_02-2048x1536.jpg 2048w" sizes="auto, (max-width: 1024px) 100vw, 1024px" /></figure>



<figure class="wp-block-image size-large is-style-rounded"><img loading="lazy" decoding="async" width="1024" height="768" data-id="477" src="https://wallbach-baden.de/v2/wp-content/uploads/2025/02/Grundschule_03-1024x768.jpg" alt="Grundschule Lesezimmer" class="wp-image-477" srcset="https://wallbach-baden.de/v2/wp-content/uploads/2025/02/Grundschule_03-1024x768.jpg 1024w, https://wallbach-baden.de/v2/wp-content/uploads/2025/02/Grundschule_03-300x225.jpg 300w, https://wallbach-baden.de/v2/wp-content/uploads/2025/02/Grundschule_03-150x113.jpg 150w, https://wallbach-baden.de/v2/wp-content/uploads/2025/02/Grundschule_03-768x576.jpg 768w, https://wallbach-baden.de/v2/wp-content/uploads/2025/02/Grundschule_03-1536x1152.jpg 1536w, https://wallbach-baden.de/v2/wp-content/uploads/2025/02/Grundschule_03-2048x1536.jpg 2048w" sizes="auto, (max-width: 1024px) 100vw, 1024px" /></figure>



<figure class="wp-block-image size-large is-style-rounded"><img loading="lazy" decoding="async" width="1024" height="768" data-id="478" src="https://wallbach-baden.de/v2/wp-content/uploads/2025/02/Grundschule_04-1024x768.jpg" alt="Grundschule Klassenzimmer" class="wp-image-478" srcset="https://wallbach-baden.de/v2/wp-content/uploads/2025/02/Grundschule_04-1024x768.jpg 1024w, https://wallbach-baden.de/v2/wp-content/uploads/2025/02/Grundschule_04-300x225.jpg 300w, https://wallbach-baden.de/v2/wp-content/uploads/2025/02/Grundschule_04-150x113.jpg 150w, https://wallbach-baden.de/v2/wp-content/uploads/2025/02/Grundschule_04-768x576.jpg 768w, https://wallbach-baden.de/v2/wp-content/uploads/2025/02/Grundschule_04-1536x1152.jpg 1536w, https://wallbach-baden.de/v2/wp-content/uploads/2025/02/Grundschule_04-2048x1536.jpg 2048w" sizes="auto, (max-width: 1024px) 100vw, 1024px" /></figure>



<figure class="wp-block-image size-large is-style-rounded"><img loading="lazy" decoding="async" width="1024" height="1365" data-id="480" src="https://wallbach-baden.de/v2/wp-content/uploads/2025/02/Grundschule_06-1024x1365.jpg" alt="Grundschulausflug" class="wp-image-480" srcset="https://wallbach-baden.de/v2/wp-content/uploads/2025/02/Grundschule_06-1024x1365.jpg 1024w, https://wallbach-baden.de/v2/wp-content/uploads/2025/02/Grundschule_06-300x400.jpg 300w, https://wallbach-baden.de/v2/wp-content/uploads/2025/02/Grundschule_06-150x200.jpg 150w, https://wallbach-baden.de/v2/wp-content/uploads/2025/02/Grundschule_06-768x1024.jpg 768w, https://wallbach-baden.de/v2/wp-content/uploads/2025/02/Grundschule_06-1152x1536.jpg 1152w, https://wallbach-baden.de/v2/wp-content/uploads/2025/02/Grundschule_06.jpg 1200w" sizes="auto, (max-width: 1024px) 100vw, 1024px" /></figure>



<figure class="wp-block-image size-large is-style-rounded"><img loading="lazy" decoding="async" width="480" height="640" data-id="479" src="https://wallbach-baden.de/v2/wp-content/uploads/2025/02/Grundschule_05.jpg" alt="Grundschulausflug" class="wp-image-479" srcset="https://wallbach-baden.de/v2/wp-content/uploads/2025/02/Grundschule_05.jpg 480w, https://wallbach-baden.de/v2/wp-content/uploads/2025/02/Grundschule_05-300x400.jpg 300w, https://wallbach-baden.de/v2/wp-content/uploads/2025/02/Grundschule_05-150x200.jpg 150w" sizes="auto, (max-width: 480px) 100vw, 480px" /></figure>
</figure>



<p class="has-text-align-center has-medium-font-size"><strong>&gt;&gt;&gt;</strong> <a href="https://wallbach-baden.de/v2/wp-content/uploads/2025/02/Flyer-Foerderverein-Grundschule.pdf" data-type="attachment" data-id="500"><strong>Download</strong></a> <strong>&lt;&lt;&lt;</strong>  &#8211;  Flyer Förderverein Flößer-Grundschule Wallbach</p>


<a href="https://wallbach-baden.de/v2/wp-content/uploads/2025/02/Foerderverein_Grundschule_01.pdf" class="pdfemb-viewer" style="" data-width="max" data-height="max" data-toolbar="bottom" data-toolbar-fixed="off">Foerderverein_Grundschule_01</a>

<a href="https://wallbach-baden.de/v2/wp-content/uploads/2025/02/Foerderverein_Grundschule_02.pdf" class="pdfemb-viewer" style="" data-width="max" data-height="max" data-toolbar="bottom" data-toolbar-fixed="off">Foerderverein_Grundschule_02</a>

<p>&gt;&gt;&gt; Download &lt;&lt;&lt; &#8211; Flyer Förderverein Flößer-Grundschule Wallbach</p>
